Let p(y) = y**2 - 18. What is p(k)?
-2
Let h(n) = 5*n - 1. Let v = 239 + -127. Let s(p) = -4 + 3 - 128*p + v*p - p**2 + 2*p**2. Let z be s(16). Determine h(z).
-6
Suppose -142*o - 396 = -10*o. Let i(u) = u**3 - 29*u - 61. Determine i(o).
-1
Let h(l) = 2*l + 1. Let p = 1879 - 1879. Determine h(p).
1
Let a(b) = 6*b - 274*b**2 - 3 - 347*b**2 - 2*b**3 + 622*b**2. What is a(4)?
-91
Let u(s) = -s**2 - 14*s - 6. Suppose -2*v + 4*l = 34, -2 = 3*v + 4*l + 19. What is u(v)?
27
Let q(j) be the third derivative of j**4/24 - 3*j**3/2 + 921*j**2. What is q(-8)?
-17
Let c(b) = -728 + 4183*b + 722 + b**3 - 4189*b + 4*b**2. Let s(a) = -a**3 + 3*a**2 - 2*a + 2. Let h be s(3). Calculate c(h).
18
Let d(s) be the first derivative of s**3/6 + 3*s**2 + 185*s + 82. Let i(h) be the first derivative of d(h). Calculate i(-12).
-6
Let n(k) be the second derivative of 3*k**4/4 - 2*k**3 - k**2/2 - 144*k. Let x(i) = -2*i**2 + i. Let f(w) = -n(w) - 5*x(w). Calculate f(-6).
-5
Suppose 0 = 4*y + 4 + 12. Let n(g) = -1049*g + 4. Let x(a) = -1887*a + 7. Let o(i) = 9*n(i) - 5*x(i). Calculate o(y).
25
Let z(y) = -6*y**2 + 2*y - 1. Let r(n) = n**2 - 12*n + 12. Let q be r(3). Let w be (5/q)/(78/(-18) + 4). Calculate z(w).
-5
Suppose -a + 5 = 0, -9*q + 5*q - 4*a + 416 = 0. Let t be q/(-55)*(-40)/(-6). Let g(s) = s. Determine g(t).
-12
Let m(u) be the first derivative of 1/2*u**2 + 8*u - 131. What is m(8)?
16
Let f(p) = -48*p**3 + 23*p**2 + 2*p - 11. Let l(d) = 7*d**3 - 3*d**2 + 1. Let o(w) = f(w) + 7*l(w). Give o(2).
16
Let l(n) = n**3 + 7*n**2 - 8*n + 8. Suppose 230 = -6*z - 118. Let m = z - -50. What is l(m)?
8
Let x be (-14)/(-49) + 0 + 57/21. Let z(g) = -160 + g**x - g + 2*g + 2*g**2 - 2*g**3 + 159. Determine z(2).
1
Let n be -4*-1*(-3)/(-6). Let t = -158 - -153. Let c(f) = 2*f**2 + 10*f + 24. Let d(b) = b**2 + 4*b + 10. Let x(y) = t*c(y) + 12*d(y). What is x(n)?
4
Let d(p) = 210 - 193 - 51*p - p**3 - 48 - 27*p**2. Determine d(-25).
-6
Let f(t) be the second derivative of -2*t**4/3 - 2*t**3/3 - 44*t + 23. What is f(-2)?
-24
Let p(k) = 5 + 16 - 5 - 15 - 3*k**3 - 4*k + 1. Calculate p(0).
2
Let x be (-20)/(-8) - 2/4. Let r be (-16)/x*2/(-4). Let a(o) = 3 - r - 5*o + 4*o. Determine a(-1).
0
Let r = 15356 + -15341. Let i(j) = -j**3 + 17*j**2 - 28*j + 8. Calculate i(r).
38
Let c(j) = 5*j**2 - 13*j**2 + j**2 + 318*j - j**3 - 322*j + 11. Give c(-6).
-1
Suppose -4*y = -h - 9 - 70, -y = 5*h + 353. Let v = 83 + h. Let c(i) = i - 7. Give c(v).
5
Let y(k) = -k + 3. Let u(h) = 2*h**2 + 6 - 4*h**2 + h**2 + 13 - 7*h. Let i be u(-9). Let p = -4 - i. What is y(p)?
8
Let m(y) = -37*y + 301. Let g = -1955 - -1963. Determine m(g).
5
Let d(u) = -u**2 - u + 4. Let w(j) = 18*j**3 - 4*j - 17*j**3 + 17*j**2 - 12*j**2 - 2*j - 3. Let x(m) = -2*m. Let c be x(3). Let f be w(c). Determine d(f).
-2
Suppose 2*m = -2*v - 26, 115*v = 3*m + 112*v - 3. Let y(a) = 4*a + 23. Give y(m).
-1
Let b be (-2*3290/12)/(6/(-18)). Let q(h) = -1630 + b + h - 2*h. Determine q(0).
15
Let b(l) = -3*l**3 + l**2 + l + 2. Let w(u) = -11*u**3 + 18*u**2 - 28*u - 9. Let v(f) = 4*b(f) - w(f). Give v(-16).
17
Suppose -66*q + 401 = 217 - 344. Suppose -4 = -2*h + 6. Suppose -12 = 5*t - h*j + q, 3*j - 14 = t. Let c(k) = 4*k**3 - k**2 + k - 1. Give c(t).
3
Let t(k) = -2*k**3 - 40*k**2 + 66*k + 43. Let y(n) = 11*n**3 + 202*n**2 - 331*n - 215. Let m(i) = -16*t(i) - 3*y(i). Give m(32).
-11
Let c = 3582 + -3576. Let m(z) = 5*z. Calculate m(c).
30
Let y(g) = -7*g + 71. Let d(r) = 14*r - 165. Let h(k) = 3*d(k) + 7*y(k). Give h(3).
-19
Let i = -10086 - -10065. Let y(c) = 2*c + 48. What is y(i)?
6
Let x = 71 + -60. Let c(i) = 3*i**2 + 7*i + 3 - 15*i**2 + 7*i**2 + x*i**2 + i**3. Suppose 2*h - 37 = 7*h + 4*r, 0 = 4*r + 12. Determine c(h).
-7
Let c(p) = -p + 24. Let u(k) = -k + 25. Let x(j) = -4*c(j) + 3*u(j). Let o = 3777 - 3759. What is x(o)?
-3
Suppose 0*w = -79*w + 500 - 26. Let q(a) = -4*a**2 + 5*a - 2. What is q(w)?
-116
Let a = 3911 - 3917. Let c(l) = -5*l + 4. Determine c(a).
34
Let l(d) = -12*d + 85. Let r be l(7). Let i(b) = 45*b - 5. Calculate i(r).
40
Suppose -3*i = 11*i + 280. Let j(n) = n**2 + 16*n - 44. Give j(i).
36
Let r(w) be the first derivative of w**4/4 + 7*w**3/3 - w**2/2 - 5*w - 2. Suppose -549*j + 1050*j - 147 = 522*j. What is r(j)?
2
Let q(f) = -37*f + 263. Let c be q(7). Let o(t) = -7 + 2*t**3 + 17185*t - 3*t**3 - 17179*t + c*t**2. Let m be -6*(-1 - 0) - 1. Determine o(m).
-2
Let w be (-12)/54 - (-466)/(-9) - -1. Let c = 28 + w. Let l = -28 - c. Let x(d) = d - 7. Give x(l).
-12
Let r be ((12719/35)/23 + 1/5)/(-2). Let b(u) = u**3 + 10*u**2 + 13*u - 8. Give b(r).
16
Let d(s) be the third derivative of -s**6/120 + 23*s**5/60 - 25*s**4/24 - 2*s**3 - 4*s**2 - 872. Give d(22).
-78
Suppose -15*w + 67 - 7 = 0. Let a(t) = 32*t - 12. Let g(o) = 17*o - 6. Let n(m) = -3*a(m) + 5*g(m). Calculate n(w).
-38
Let p(n) be the third derivative of n**6/120 + 2*n**5/15 + n**4/12 - 2*n**2 - 2873*n - 2. Determine p(-4).
56
Let j be (14 + (11 - 15))*(-1)/(-2). Suppose -h + 7*t = 3*t - j, 0 = 3*h + 3*t. Let n(i) = 3*i**3 + 2*i**2 - i. Determine n(h).
4
Let s(m) be the first derivative of 5*m**3/6 + m**2 + 93*m - 57. Let z(g) be the first derivative of s(g). What is z(-2)?
-8
Let p(u) = -242*u - 8222. Let c be p(-34). Let b(v) = v**3 - 7*v**2 + 5*v + 12. Give b(c).
6
Let c be (-6)/(-33) + -18*3/(-66). Let b be ((-36)/(-48))/(c/4). Suppose 5*u - 22 = n, -2*n + b = -3*u + 12. Let v(s) = -s**3 + 3*s**2 - 2*s. Calculate v(n).
-6
Let x be 1/(-3*1/9). Let s(t) be the first derivative of -t**4/4 - 5*t**3/3 - 3*t**2/2 + 3*t - 73. Give s(x).
-6
Let m(h) = -h + 9. Let s(p) = -6 + 14 - 3. Let i(o) = 4*m(o) - 7*s(o). Suppose 1 = -0*z - z. Calculate i(z).
5
Let f(v) = 3*v + 18. Let j(q) = -5*q + 24. Let a(r) = -3*f(r) - j(r). What is a(-23)?
14
Let q = -599 + 603. Let b be 2 - (q - (-25)/(-5)). Let a(r) = -r + 2. Calculate a(b).
-1
Let b(m) = -262*m**2 + 72*m + 70. Let x(k) = -109*k**2 + 29*k + 28. Let h(j) = -5*b(j) + 12*x(j). Determine h(7).
0
Let i = -62 + 55. Let c(p) = 3*p - 22. Let w(f) = 2*f - 19. Let k(v) = -5*c(v) + 6*w(v). What is k(i)?
17
Let r = -126 - -131. Let l(p) = p + 2. Let f be l(0). Let d(x) = 3*x - 4 - x**2 + 8 + r*x**f - 7*x + x**3. Calculate d(-5).
-1
Let o(a) be the first derivative of a**3 + a**2 - 2*a - 1646. What is o(1)?
3
Let z(c) = 2*c**3 - 21*c**2 + 7*c + 5. Let y(m) = m**3 - 10*m**2 + 3*m + 3. Let n = -367 - -364. Let x(p) = n*z(p) + 7*y(p). Determine x(7).
6
Let o(q) = -2*q**2 + 5*q + 15. Let f(d) = -d**3 + 14*d**2 + 15*d - 530. Let g be f(11). Give o(g).
-3
Suppose 3*y + 23 = -4*g, 0 = -5*y + g - 16 - 7. Let i be (-2 + 0)/(y/80). Let c(r) = -5 + 4 - i*r + 40*r. What is c(1)?
7
Let f(d) = -3*d**2 + 16*d + 9. Let n(a) = 215 - 216 + 0*a - 2*a. Let b(q) = f(q) + 6*n(q). Determine b(-2).
-17
Let l(f) = -11 - 12*f - 3 - 486175*f**3 + 486176*f**3. What is l(-2)?
2
Let c(x) be the first derivative of -x**6/360 + x**5/40 - 5*x**4/24 + 26*x**3 + 44. Let m(h) be the third derivative of c(h). What is m(5)?
-15
Let h = -828 + 833. Let s(c) be the second derivative of 2*c**3/3 - 9*c**2 + c + 4. What is s(h)?
2
Let x(u) be the second derivative of -u**5/10 - u**4/6 + u**3/6 + u**2 + 777*u. Let z = -20 + 18. What is x(z)?
8
Let b(c) be the third derivative of -c**4/12 - 41*c**3/6 + 24*c**2. Let l be b(-22). Suppose 0 = -7*y + 24 - l. Let a(u) = -6*u + 1. Calculate a(y).
-17
Let h(i) be the second derivative of -i + 1/12*i**4 - 4/3*i**3 + 5/2*i**2 + 18. Let y = -8 - -15. Calculate h(y).
-2
Let t(i) = -19*i**2 + 17*i + 53. Let q(d) = 12*d**2 - 12*d - 35. Let w(f) = -8*q(f) - 5*t(f). Determine w(13).
-11
Let f(s) = s**3 + 8*s**2 + 6*s - 10. Suppose 0*a - 4 = -4*q - 3*a, -2*a = -q + 1. Let v be (-10)/(-5)*(2 + q - 4). Let x be 14/v*(7 - 6). Give f(x).
-3
Let l(b) = -b**2 + 12*b + 23. Let f be (3850/875)/((-4)/(-10)). Determine l(f).
34
Let a(l) be the second derivative of 7/2*l**2 - 1/12*l**4 - 19*l + 5/6*l**3 + 0. Determine a(6).
1
Suppose -18 = 2*i - 4*o - 6, o = 0. Let p(g) = 2*g**2 + 14*g + 14. Let c be p(i). Let f(l) = c - 4 + 1 - 2 + 5*l. Determine f(3).
12
Let u(l) = -l**3 + 2*l**2 - 5*l + 1. Let x be u(0). Suppose 3*c - 3 = 2*c. Let j(g) = -g**3 - 10*g**3 - 2*g**2 + 2*g**3 - 1 - c*g**3 + 2*g. Calculate j(x).
-13
Let h(r) = -r - 6. Let f be 